2177. What are the prime factors of x?
1709
Suppose 79*q - 92*q + 3003 = 0. List the prime factors of q.
3, 7, 11
Suppose -12*w = -5*w - 1456. Let a = -36 + w. List the prime factors of a.
2, 43
Let c(i) = 11*i - 38. Let z be c(-13). Let b = 428 + z. What are the prime factors of b?
13, 19
Let h(q) = -q**2 + q + 9. Let u be h(9). List the prime factors of 2/9 + (-1813)/u.
29
Let v = 1095 - 718. What are the prime factors of v?
13, 29
Suppose -3*i + 2*i = -0*i. Suppose -15 = -8*w + 3*w, -5*r + 4*w + 273 = i. What are the prime factors of r?
3, 19
List the prime factors of 24 - 17 - 12 - (0 + -2688).
2683
Let a be (-8)/((-1 - 0)*(-1)/(-7)). Suppose 5*r = r + 12. Suppose 2*h = -2*k + a, 0 = -r*h + 2*k - k + 96. List the prime factors of h.
31
List the prime factors of 12/(-10) + 20226/30.
673
Let s(k) = k**3 + 2*k**2 + 1. Let a be s(0). Let u be a - 1*(2 + 9). What are the prime factors of (54/4)/((-5)/u)?
3
Suppose 25*h - 6256 = 20*h - s, -5*s = 3*h - 3736. What are the prime factors of h?
2, 313
Suppose -4*o + 1 = -3. Let k(x) = -3*x + o - 5 - 5 + 3. List the prime factors of k(-8).
2, 3
Suppose k - 250 - 1620 = 0. Suppose 11*y - k = -0*y. What are the prime factors of y?
2, 5, 17
Let f be (1/(-3))/(11/66). Let d be f + -2 + 632 - -2. List the prime factors of (d/(-147))/((-1)/14).
2, 3, 5
Suppose -4*f - 4693 = -4*k + 3591, k - 2079 = 5*f. What are the prime factors of k?
2069
Suppose -25 = -5*i - 5*f, i - 4 = -2*f + 6. Suppose i = -3*a - a + 460. What are the prime factors of a?
5, 23
Let s = 2196 - 1251. What are the prime factors of s?
3, 5, 7
Let a = -52 - -95. Suppose 0*q - 3*q + 3*f - 21 = 0, f - a = 4*q. Let p = 19 - q. What are the prime factors of p?
31
Let i(p) = -3*p - 19. Let u be i(-8). Suppose 3*m - 3*v - 36 - 171 = 0, -335 = -5*m - u*v. What are the prime factors of m?
2, 17
Suppose 4*o + 5*n - 4*n = 1505, 5 = 5*n. Suppose -5*p + 9*p = o. List the prime factors of p.
2, 47
Let w(u) = u**3 + u**2 - 5*u - 9. Let t be w(-3). Let j(b) = b**2 + 11*b + 10. What are the prime factors of j(t)?
2, 11
Suppose 0*m = 3*m - 6. List the prime factors of m/(-4) + 171/6 + -2.
2, 13
Let l(j) = 2*j**3 - 3*j**2 + 25*j - 7. List the prime factors of l(7).
7, 101
Suppose -4*q + 6139 = -0*g + g, 15 = 5*g. What are the prime factors of q?
2, 13, 59
Let p(n) = n + 7. Let z(t) = t**3 - 4*t**2 + 3*t + 1. Let l be z(4). Let x be p(l). List the prime factors of x*(-2 + (-15)/(-4)).
5, 7
Let z = -391 - -698. What are the prime factors of z?
307
Let n = -947 - -1993. What are the prime factors of n?
2, 523
Let m(i) = 15*i**2 + 14*i + 22. List the prime factors of m(-4).
2, 103
Suppose 0 = 3*r - d - 35, -4*r + d + d + 48 = 0. List the prime factors of (4/(-6))/(r/(-561)).
2, 17
Let o(s) = 18*s**2 - s - 1. Let g(b) = -37*b**2 + 3*b + 1. Let a(u) = 4*g(u) + 10*o(u). What are the prime factors of a(-2)?
2, 59
Suppose -32 = 4*w + 2*t, 0*w + t + 34 = -5*w. Let b be ((-3)/w)/(1/18). What are the prime factors of ((-3)/b)/(3/(-243))?
3
Let h(w) = 74*w + 8 - 5*w**2 + 1 - w**3 - 67*w. Let b(i) = 2*i + 10. Let n be b(-8). What are the prime factors of h(n)?
3
Let q = 100 - -415. Suppose l - q = -4*l. What are the prime factors of l?
103
Suppose 0 = -5*b + 5*z + 515, 3*b + 4*z - 388 = -b. Suppose 7*t - 54 = b. Suppose -2*v + t = -0*v. List the prime factors of v.
11
Suppose -2*l + 2186 = 3*z, -l = 3*z + z - 2908. List the prime factors of z.
2, 3, 11
Suppose -5*z + 29 = 3*r + 97, -5*z - 84 = 4*r. Suppose 2*o - 41 = o. Let b = r + o. What are the prime factors of b?
5
Let w(s) = 2*s**2 + 5*s - 11. Let y(q) = -q**2 + q. Let p(m) = w(m) + y(m). Suppose -2*i = -5*l + i - 40, 5*i - 8 = l. What are the prime factors of p(l)?
5
Suppose -5*i - 3*g + 196 = -6, -2*i + 4*g = -86. Let u be (5 - 9) + 1 + i. Let j = 60 - u. What are the prime factors of j?
2, 11
Let q be 14/4*(-12)/(-21). Let n be ((-7)/3)/(q/(-12)). Suppose 5*o = 3*s + 180, 2*o - 5*s = o + n. List the prime factors of o.
3, 13
Let b = 26 + -27. List the prime factors of b*2 - (-312)/4.
2, 19
Suppose -4*o = -4*b + 452, 0*o - o + 117 = b. Let y = -111 + b. List the prime factors of y.
2
List the prime factors of 10/(-30)*(0/(-1) + -849).
283
Let j be (-1 - (-1 - -1))*-1. Let w(k) = -k**3 + 27*k**2 + k - 34. Let t be w(27). List the prime factors of 2*j*(1 - t).
2
Let i(z) = z**2 + 13*z - 13. Let c be i(-14). Let j = 265 + -115. Suppose 0 = -v + c, 2*v + j = 2*m + 2*m. What are the prime factors of m?
2, 19
Let r(m) = 2*m - 7. Let p be r(5). Suppose 2*b - 16 = -p*h, -5*b - h + 22 = 2*h. Suppose -b*l + 7*l = 0, 0 = z - l - 42. List the prime factors of z.
2, 3, 7
Suppose -27*x = -38*x + 35112. What are the prime factors of x?
2, 3, 7, 19
Suppose -5*j = 0, -s + 6*j - 8*j = -612. What are the prime factors of s?
2, 3, 17
Suppose 42*f = 3*f + 123396. What are the prime factors of f?
2, 7, 113
Suppose 2*o - 3*z = 1087 + 215, 2600 = 4*o - 4*z. Let r = o - 316. What are the prime factors of r?
2, 83
Let v(c) be the third derivative of 0*c - 1/120*c**6 + 7/60*c**5 - 5/24*c**4 + 2/3*c**3 + c**2 + 0. What are the prime factors of v(5)?
29
Let s = 477 - 97. What are the prime factors of s?
2, 5, 19
Let v be 2 + 0/((-10)/(-5)). What are the prime factors of ((-176)/6)/(v/(-3))?
2, 11
List the prime factors of (4 + 659/(-2))*-2.
3, 7, 31
Let s be 4/((-8)/(-265))*8/10. Let f = 207 - s. List the prime factors of f.
101
Suppose -3*l - 6079 = -5*t, -6*t + 5*l + 6075 = -t. What are the prime factors of t?
1217
Suppose -2*z + 484 = -2*u, -3*z + 7*z + 514 = -2*u. Let t = u - -364. List the prime factors of t.
3, 13
List the prime factors of (-520)/(-5) - (2 + -3).
3, 5, 7
Let t(l) = 2*l**3 - 23*l**2 + 24*l + 11. Let r(q) = -q**3 - 1. Let k(u) = 3*r(u) + t(u). What are the prime factors of k(-24)?
2
Let w(f) be the second derivative of 5*f**4/6 - 2*f. Let v be w(-1). List the prime factors of 435/v*2/3.
29
Suppose 5*r + 2 = 6*r. Suppose 5*t - 7 = -r*f + 3, 0 = 5*f - 25. Suppose 2*n = -t*n + 60. What are the prime factors of n?
2, 3, 5
Suppose 9*u = 612 + 3672. What are the prime factors of u?
2, 7, 17
Suppose 15 = -2*a - 5*t, -a - 5*t + 6 = 1. Let w be (-42)/(-1) - 3/(-1). Let b = w + a. List the prime factors of b.
5
Suppose c + 4*h - 4056 = 0, -10*h = 4*c - 11*h - 16258. List the prime factors of c.
2, 127
Suppose 8 = -4*d, -j + 0*j + 3113 = 2*d. What are the prime factors of j?
3, 1039
Let w(g) = 60*g + 40*g + 5*g - 3. What are the prime factors of w(1)?
2, 3, 17
Let x = 185 + 399. What are the prime factors of x?
2, 73
Suppose -f - 1 = 0, f - 34 = h - 6*h. Let n(g) = g**3 - 8*g**2 + 7*g - 5. Let x(z) = z. Let w(j) = -n(j) + 4*x(j). List the prime factors of w(h).
3, 11
Suppose -d = -5*w + 11, -3*w = -4*d + 4 + 3. Suppose -d*y = -4*c - 4, -4*y + 5 + 11 = 0. List the prime factors of c/1*588/63.
2, 7
Suppose 3*x - 22*c - 1001 = -17*c, -5*x = c - 1659. What are the prime factors of x?
2, 83
Suppose 3*g - 7*g = -12. Let z be ((-105)/6)/(g/(-12)). Let s = z + -34. What are the prime factors of s?
2, 3
Suppose 0 = 9*l + 13065 - 40578. List the prime factors of l.
3, 1019
Suppose 10 = 5*g - 0*g. Let b = g - -87. List the prime factors of b.
89
Let m = 137 + -136. List the prime factors of (0 + 21)*(-3 + (m - -15)).
3, 7, 13
Let p be (4/(-2))/(-2)*2. Suppose p*t + 323 = 3*h - 2*t, t = 1. List the prime factors of h.
109
Let t(o) = -o - 7. Let g be t(-9). Suppose g*y + r = 12, y + 0*y + 3*r = 11. Suppose -y*l = -0*l - 80. List the prime factors of l.
2
Let r(o) be the third derivative of 3*o**5/20 + o**4/12 - 2*o**3 - 20*o**2. List the prime factors of r(-6).
2, 3, 5
Let c(g) = 12*g**3 + 1. Let o = 6 - 6. Suppose o = -3*l + 2 + 1. List the prime factors of c(l).
13
Suppose -2 = 4*t - 2*v, -3*v + v = -3*t - 4. Let m = 1 + 23. Suppose h - m = -t*h. What are the prime factors of h?
2
Let s(c) = -c**3 - 7*c**2 - 8*c + 8. Let f be 7/((-2 + -2)/4). Let l be s(f). Let w = -30 + l. What are the prime factors of w?
2, 17
Suppose -4*f + 1864 = 3*d, 5*f + 12*d = 16*d + 2330. List the prime factors of f.
2, 233
Let b = -1020 - -3052. What are the prime factors of b?
2, 127
What are the prime factors of 1157 + (0/6 - 2) - -4?
19, 61
Suppose -12*k + 2415 = -561. List the prime factors of k.
2, 31
Let r be ((-3)/9)/((-1)/(-69)). Let z = r - -11. Let s = z